 = g*f - 2. Suppose 5*r - 695 - 494 = -4*t, r + 605 = f*t. Is t prime?
False
Let a = 7 - 0. Suppose a*f = 2*f - 170. Let d = -12 - f. Is d a composite number?
True
Suppose -4*z + 0*z = -856. Suppose z = 3*r - 113. Is r a composite number?
False
Let p = 10 - 6. Let g(r) = 2*r**2 + 2*r - 1. Is g(p) a prime number?
False
Is (-12)/(-48) + (-1014)/(-8) composite?
False
Suppose -2*f = -2*z + 14, 3*f - 14 = 2*z - 6*z. Let y(s) = 7*s + 2. Let g(h) = 14*h + 4. Let i(b) = 4*g(b) - 7*y(b). Is i(z) prime?
True
Let j(x) = -x**3 + 7*x**2 - 3*x - 5. Suppose -35 = 5*h + 5*p, -18 = -5*p + 2. Let c = h + 17. Is j(c) a prime number?
True
Suppose -4*o - 4*b = -28, -3*o + 0*b - b = -13. Suppose 3*i + 22 = 4*i - o*y, 2*i - 2*y = 64. Is i a prime number?
True
Let r be (-2)/7 - 23/(-7). Let g(n) = n**2 - 2. Is g(r) prime?
True
Let j(z) = -6*z - 4. Let n(k) = 11*k + 8. Let d(l) = 5*j(l) + 3*n(l). Let q = 2 - -5. Is d(q) a prime number?
False
Suppose 0*f = -2*f - 2, 3*r = -2*f + 4. Suppose 3*b - 12 = -3*g, 10 + 7 = 4*b + 5*g. Suppose -b*a + 265 = r*a. Is a prime?
True
Suppose 0 = 2*x - 5*d + 16 + 1, -2*d = -5*x + 10. Let t(w) = 12*w + 3. Is t(x) a prime number?
False
Let m(h) = 3*h**3 - 3*h**2 - 5*h - 2. Let f(q) = 2*q**3 - 2*q**2 - 4*q - 1. Let l(n) = -4*f(n) + 3*m(n). Is l(3) prime?
True
Let u(t) = 3*t**3 - 2*t**2 + 2*t - 1. Let r be u(1). Suppose -2*c + 8 = 2*c. Suppose -c*z - r*z = -24. Is z composite?
True
Let b be 1/(15/54) + 2/5. Suppose 2*a - 16 + 5 = -x, 5*x + a - 19 = 0. Suppose b*t = z + 146, x*t - 2*z = -4*z + 115. Is t a composite number?
False
Suppose -3*v + 4*a = -571, -2*a - 586 = -3*v - a. Suppose v = 2*q - 101. Suppose -5*d + 3*x = -2*d - 441, -2*x = -d + q. Is d prime?
False
Let q(x) = 26*x**2 + 9*x + 5. Is q(-6) a composite number?
False
Let v = 2834 + -1473. Is v prime?
True
Let b = 214 - -520. Suppose -391 = -5*h + b. Suppose -3*m + o = -168, -3*m + o + h = m. Is m prime?
False
Suppose -2*v + 2 = -2. Suppose a = t - 108, v*t + 231 = 4*t + a. Is t a composite number?
False
Let v be 2 - 4*(-123)/6. Let y(o) = o**3 - 5*o**2 - 5*o - 4. Let j be y(6). Suppose j*b - 64 = -2*w, 0 = -6*w + 4*w + 2*b + v. Is w composite?
False
Suppose 0 = -18*u + 19*u - 9. Is 2/u - (-69377)/99 a composite number?
False
Let f(u) = u**3 - 4*u**2 - 2*u - 3. Let k be f(4). Let b = k + 15. Suppose 3*z - 5*z + b = 0. Is z composite?
False
Let w(s) = 7*s**3 - 3*s**2 + 2*s + 1. Is w(2) composite?
True
Let s = 18 + -8. Suppose 11*q = s*q + 15. Is q a prime number?
False
Let o = 32 - 85. Let x = o + 101. Let b = x + 31. Is b composite?
False
Let f = -143 - -504. Let i = 924 - f. Is i composite?
False
Let w be (-494)/(-4) + (-2)/(-4). Let c = w - -85. Is c prime?
False
Let r be (-2)/6*0 - 0. Suppose r*h + 4*h = 140. Is h prime?
False
Let d = -8 + 10. Suppose -d*p + 3*p - 176 = -3*z, -3*p - 3 = 0. Is z composite?
False
Suppose g + g = 5*y + 327, 0 = -2*y - 2. Is g a composite number?
True
Let h be 4*(1 + 1 + -1). Let l(s) = -s**3 + 5*s**2 - 3*s + 10. Is l(h) prime?
False
Let p = 35 + -7. Suppose -p - 2 = 3*m. Let s = -6 - m. Is s prime?
False
Is 0 - 3 - -3 - -1219 composite?
True
Suppose -7*c + 2*c - 12 = -l, -l = 3*c + 4. Suppose -q + 1 - l = 0. Is (0 - 0)/q + 51 prime?
False
Let v = -33 + 22. Let y = -8 - v. Suppose -4*w = 4*c - 40, -3*c - w = y*w - 27. Is c prime?
True
Let i be ((-3)/(-1))/(-2 - -3). Suppose -4*f = 5*s + f - 15, 5*f - 6 = -2*s. Suppose -3 = i*l, 4*b - 55 - 72 = s*l. Is b a composite number?
False
Let z be -3*1*27/9. Is (-18)/z + (112 - -1) prime?
False
Suppose 4*y - s - 1423 = 0, -5*s + 707 = 2*y - 4*s. Is y prime?
False
Suppose 2*q + 2*n - 100 = -0*q, 0 = -5*n - 5. Is q a composite number?
True
Let v be (-51)/(-9) - (-8)/(-12). Suppose o = -4*p - 27 - v, -p = 2*o + 78. Is (-3 - -2)/(4/o) prime?
False
Let n(j) = -3*j - 2. Let k be n(-2). Suppose 3*b + k = 16. Suppose -c = -2 + 1, -b*x + 455 = -5*c. Is x composite?
True
Let o = 67 + 19. Is o composite?
True
Let s = 70 - -43. Is s composite?
False
Let d(s) = 3*s + 4. Suppose 0 = 4*l + 7 + 13. Let x be d(l). Let j = x - -18. Is j composite?
False
Suppose -74 = -2*v - 0*v. Is v prime?
True
Let a(h) = 140*h**2 - 3*h + 2. Is a(1) a prime number?
True
Let f be 6/21 - (-66)/14. Suppose -w + 0*o + f*o + 112 = 0, 2*w + 2*o - 212 = 0. Suppose 0 = 5*b - 63 - w. Is b prime?
False
Let c = 441 + -110. Is c a prime number?
True
Let x be 45/6 + (-2)/(-4). Let r be x/4 + (-1 - -2). Is r/2*14/3 a composite number?
False
Let q(t) = -t**2 - 13*t + 4. Let u be q(-13). Suppose 6 = u*o - 2. Suppose 2*m + o*m = 140. Is m a prime number?
False
Let a(i) = 2*i**2 + 3*i - 1. Let q(t) = 2*t**2 - 4*t + 3. Let m be q(2). Is a(m) a composite number?
True
Suppose j + 0*j = 1, -4*j - 2326 = -5*t. Is t composite?
True
Let v(l) = 9*l**2 - 2. Suppose 0 = 4*y + y - 25. Is v(y) prime?
True
Let s be (-26)/(-10) - 10/(-25). Suppose t - q = s*t + 4, 17 = -5*t + q. Is (-7)/(-21) + (-56)/t prime?
True
Let d(p) = 14*p**2 + 16*p + 23. Is d(-14) composite?
False
Suppose -3*h - 431 = -1907. Let c = h + -320. Let d = c + -93. Is d prime?
True
Let i be (-312)/(-2) + -2 + 2. Is ((-4)/8)/((-2)/i) prime?
False
Let q be (-2)/(-1)*961/(-2). Let y = 1616 + q. Is y a prime number?
False
Suppose 222 + 286 = 4*i. Is i prime?
True
Let v(m) = 3*m - 15. Let n be v(6). Suppose -3*j = -0*r + 4*r - 847, 0 = n*r + 4*j - 637. Is r composite?
False
Let q = 1083 + -746. Is q a prime number?
True
Let g(k) = 3*k**3 + 2*k**2 + 15*k - 9. Let t(f) = f**3 + f**2 + 8*f - 5. Let b(a) = -6*g(a) + 11*t(a). Is b(-4) a prime number?
True
Let o(d) = -d**2 + 9*d - 4. Let k be o(8). Let p = k + 2. Suppose p*j = 2*j + 3*g + 130, -2*j - 4*g + 54 = 0. Is j a composite number?
False
Let c(m) = m**2 + m + 21. Suppose 2*x - 5*g - 25 = 0, 5*g + 25 = -2*x - 2*x. Is c(x) a prime number?
False
Is 9438/15 - (-4)/(-20) a composite number?
True
Suppose 0 = 4*w - n - 294, -5*w + 2*w - 2*n + 215 = 0. Let v = 160 - w. Is v composite?
True
Let a(d) = d**3 + 3*d**2 - 5*d - 2. Let w be a(-4). Suppose 0 = -3*p + 2*s - 119 + 360, 0 = 4*p - w*s - 320. Is p a prime number?
True
Let d = 4 - 2. Suppose 0 = x - 3*a, -9*x = -5*x + 4*a - 16. Suppose d*q - 73 = -x*n, 39 = 2*n - q + 2. Is n prime?
False
Suppose 3*d + 164 = x, -4*x + 2*d + 621 = -3*d. Is x prime?
True
Let y(z) = z**2 + z + 23. Is y(-11) a composite number?
True
Let g(l) = -l**3 + 24*l**2 - 21*l + 31. Is g(21) composite?
True
Let f be (6 - 5)*(-1 - 0). Let h be f/(-4) + (-2370)/(-24). Is (-1)/((-3)/h + 0) a composite number?
True
Suppose 5*n = -1 + 11. Let i(z) = 14*z**2 + 2 - 10*z**n - 3*z + 1. Is i(-4) a composite number?
False
Suppose -6 = -2*x + x. Is x/33 + 291/33 a composite number?
True
Is (-16)/48 + (-1076)/(-6) composite?
False
Let v(a) = -a**3 + 8*a**2 + 11*a - 11. Suppose 5*f - 9 = 4*q, -3*f = -2*q - 1 - 6. Suppose 3*b - q = 23. Is v(b) a composite number?
False
Suppose -3*d + 1911 = 3*w, 2*w + 3225 = 5*d - 3*w. Is d a composite number?
False
Suppose -4*b - 12 + 52 = 0. Let k(i) = i - 7. Let v be k(b). Is 149 + (3 - v - 0) a composite number?
False
Suppose -3*b - 2*l = 2*l + 3, 0 = -4*b - 4*l. Suppose 0 = -0*m - m + b. Let g(n) = 2*n**3 - 4*n**2 + 4*n + 1. Is g(m) a prime number?
True
Let f be (-1)/(-5) + 40/50. Is 0/f + -2 - -39 a prime number?
True
Is 6396/(-8)*4/(-6) a composite number?
True
Suppose j + 10 = d, 4*j + 3*d + 4 + 1 = 0. Let k = 4 - j. Let b = k - -68. Is b a prime number?
False
Let v be (1*16)/2 - -3. Is v*2 - (2 - 3) a prime number?
True
Let p(s) = -569*s**3 + s**2. Let x be p(1). Let l = x + 825. Is l a composite number?
False
Suppose -h = -4*l + 26, 4*h - l + 89 = h. Let v be 130/15*h/4. Let d = 214 + v. Is d a composite number?
False
Let z = -1042 + 1835. Is z a prime number?
False
Is 5*51 - (1 - 0) a composite number?
True
Suppose 2*u + 3118 = 2*b - 0*b, 0 = -b + 2*u + 1559. Is b a composite number?
False
Let x(t) = t**2 + 5*t. Let n be x(-5). Let b = n + 2. Is 0 + (b - 1 - -46) prime?
True
Let o = -4 + 6. Suppose -2*r + 1048 = o*r. Let v = -185 + r. Is v composite?
True
Let q(n) be the third derivative of n**6/120 - n**5/10 - n**4/4 + n**2. Let r(s) = 6*s**2 + 1. Let c be r(1). Is q(c) a composite number?
False
Let m(j) = 19*j - 10. Let y = -7 + 16. Let w(u) = 9*u - 5. Let d(l) = y*w(l) - 4*m(l). Is d(6) composite?
True
Let 